 = -j**3 + 5*j**2 - 6*j + 5. Give p(v).
-3
Let p(a) be the second derivative of a**3/3 + 3*a**2/2 - 12*a. Calculate p(-2).
-1
Let m be 0 + 2 + 6 + 1. Let t = -4 + m. Suppose -4*w = 2*g - 0*g - 6, -t*g + w = -26. Let a(i) = i**3 - 4*i**2 - 3*i - 4. Give a(g).
6
Let z = -43 - -45. Let u(d) be the third derivative of -1/4*d**4 + d**z + 1/60*d**5 + 0*d + 0 + 1/6*d**3. Give u(5).
-4
Let q(k) = 2 - 1 - 32*k - 39*k + 72*k. What is q(-4)?
-3
Let n be (-66)/(-15) - (-2)/(-5). Let h(f) = -2*f - 1. Let j be 1 - -1 - (-7)/(-7). Let c(q) = 1. Let s(d) = j*c(d) + h(d). What is s(n)?
-8
Let x(f) = -3*f**2 + f + 1. Suppose -6*b + 4*s + 17 = -3*b, 4*b = s + 1. Calculate x(b).
-3
Suppose 0*v + 3*v - 9 = 0. Let u(a) = 5 + a**v - 4 - 3. What is u(-2)?
-10
Suppose -5*j = -18 + 3. Let l(d) = 5*d - d**2 - 1 - d**3 + 4*d**2 - j. Calculate l(4).
0
Let b(a) be the third derivative of -a**5/60 - a**4/3 + 4*a**3/3 + 3*a**2. Calculate b(-8).
8
Suppose -4*y + 15 = y. Let c be ((-3)/6)/(2/(-48)). Suppose 0*w + y*w = -c. Let x(a) = a**3 + 4*a**2 + 4. Give x(w).
4
Suppose 5*l - 30 = -20. Let w(z) be the second derivative of 5*z**3/6 - z**2/2 - z. What is w(l)?
9
Let d = 1 - -1. Let l = 6 - d. Let z(u) = -u**2 + 5*u + 3. Calculate z(l).
7
Let q(r) = -r**2 + r - 1. Let a(w) = -2*w**2 + 5*w - 7. Let n(m) = -a(m) + q(m). What is n(6)?
18
Suppose -7*h - 84 = -119. Suppose -3*u = 5*f + 8, 19 = -5*u + 5*f + 59. Let w(m) = -m**3 + m + 4*m - u*m**2 + 8*m**2 + 3. Determine w(h).
3
Suppose -14*q = -11*q + 15. Let p(k) = -2*k**3 - 25*k**2 - 12*k - 1. Let g(n) = n**3 + 12*n**2 + 6*n + 1. Let m(l) = 13*g(l) + 6*p(l). What is m(q)?
2
Let q(x) = 3*x + 3. Let r(z) = -7*z - 6. Let s(v) = -5*q(v) - 2*r(v). Suppose -2*p + 6 = -2. Determine s(p).
-7
Let r(t) = 2*t - 111 + t + t**2 + 112. Determine r(-1).
-1
Let o(c) = -5*c - 4. Let v(a) = -3 - 3*a + 2*a - 2*a. Let y(b) = 5*o(b) - 8*v(b). Let x(k) = -k**2 - 14*k - 8. Let s be x(-13). Give y(s).
-1
Let k(b) be the third derivative of b**6/120 + b**5/60 - b**4/8 + b**3/3 - 3*b**2. Calculate k(2).
8
Let x(g) = 36 + 10*g + 33 - 97 - g**2 + 25. Determine x(8).
13
Let r(i) be the first derivative of -4 - 1/2*i**2 + 4*i. Calculate r(0).
4
Let d be 16/(-48)*(0 + -3). Let x(w) = -w + 5*w - w - 1. Determine x(d).
2
Let r(c) = -4. Let i(o) = 3*o - 7. Let k(n) = -4*n + 10. Let w(q) = 7*i(q) + 5*k(q). Let x(l) = -r(l) - 2*w(l). Give x(-3).
8
Let s(l) be the third derivative of l**4/12 + 2*l**2. Let c be s(1). Let i(k) = k**3 - 4*k**3 + 1 - 4*k**3 + 5*k**3 + c*k**2 + k. What is i(2)?
-5
Let h(p) = -3*p - 4. Let b(v) = 3*v + 4. Let l(f) = 4*b(f) + 3*h(f). Determine l(-4).
-8
Let h be (-447)/90 + (3 - -2). Let b(w) be the third derivative of 0*w**4 - 1/60*w**5 + 1/6*w**3 + 2*w**2 + h*w**6 + 0*w + 0. Determine b(-1).
-4
Let o(i) = -4*i + i**3 - 3 - 2*i**3 - 2*i - 6*i**2 - 2*i. Give o(-5).
12
Let f(u) = -5*u - 3. Let m be (-5 + 4)*(1 - -1). Determine f(m).
7
Let y(h) = 4*h - 7*h**3 - 5*h + 2*h**3. Suppose -2*m - x + 3*x + 12 = 0, 2 = m + x. Suppose -m = -2*g - 2. Give y(g).
-6
Let a(m) be the first derivative of -m**4/4 - m**2/2 - 12. What is a(-1)?
2
Let r(h) be the third derivative of -h**5/60 + h**4/3 - 7*h**3/6 - 3*h**2 + 7. Give r(8).
-7
Suppose 0 = 4*n - 2*r + 6, -2*r = -2*n - 0*r - 2. Let y(a) = a + 1. Let o(i) = i**2 + 2*i. Let l(t) = n*y(t) + o(t). Suppose -3*u + 0*u = 6. Determine l(u).
2
Let g(j) = j. Let y = -1 - -7. Let f be 60/9 - y/9. Determine g(f).
6
Let n(u) be the third derivative of u**5/60 - u**4/4 - u**3/2 - 8*u**2. Determine n(6).
-3
Let w(t) = -3*t - 8. Suppose 4*c - 8*c + 3*v = 18, c - 2*v + 2 = 0. What is w(c)?
10
Let i(x) = -x + 2*x + x. Let y(k) = k**2 - 2*k - 2. Let f be y(3). What is i(f)?
2
Suppose -4*r + 6*r = 4*o + 54, -3*o = 3. Suppose 0 = 2*j - 7*t + 2*t + r, 0 = 3*j + 5*t. Let f(a) be the third derivative of -a**4/24 + 17*a**2. Determine f(j).
5
Suppose -2*r + 2 = 0, 5*t - 17 + 4 = 2*r. Let p(h) = 1 + 3*h**2 - 2*h**t - 4*h + 0*h**2 + 3*h + 0*h**2. Determine p(2).
-5
Let n(h) = -h + 1. Let u(i) = 2. Let f(z) = n(z) - u(z). Let g(p) = -3*p - 7. Let d be g(-4). Suppose 0 = 3*x + x + d*w - 21, w = 1. Give f(x).
-5
Suppose -3 = 2*c + 5. Let v(m) = 3*m - 2. Determine v(c).
-14
Suppose 8 = 4*g - 2*s, s = 4*g - 3 - 9. Let l(f) = -f**2 + 2*f + 2. Calculate l(g).
-6
Let d(c) = 3*c**2 + 2*c. Let i(w) = w**2 - 5*w - 4. Let n be i(6). Suppose 2*r - r + n = 0. What is d(r)?
8
Let k(o) = -o**3 - o**2 + 2*o + 1. Let u be ((-8)/(-2))/(15 + -14). Suppose -u*x = -5*x + 2. Calculate k(x).
-7
Let z(x) = 2*x**2 - x**3 - 6*x + 3*x - 2 + 4 + 0*x. Let i be z(2). Let p(k) = 2*k + 5. Determine p(i).
-3
Let v(d) be the second derivative of -d**4/24 + 5*d**3/6 - 3*d**2/2 - 4*d. Let f(k) be the first derivative of v(k). What is f(5)?
0
Let h(w) = 3*w - 8. Let m be h(2). Let o(r) = -r**3 - 3*r**2 - r + 2. Give o(m).
0
Let f(x) = -11*x + 5*x + 7*x**2 - x**3 - 4 + 1. Let q = -7 + 13. Give f(q).
-3
Let y be ((-3)/(-9))/(1/6). Let v(m) = -1 + 2 - m**3 + y*m**3. Suppose -4 = 4*s - 0*s. What is v(s)?
0
Suppose 3*z = 3 + 3. Let m(d) = d - 2*d - 2*d + z*d - 1. Calculate m(-2).
1
Let o(u) = -2*u**2 + 5*u + 2. Let q be o(2). Let k(z) = -9*z + 10. Let c(g) = -4*g + 5. Let f(b) = 7*c(b) - 3*k(b). Calculate f(q).
1
Let p(m) = m**3 + 4*m**2 - 6*m + 1. Let t = 5 + -9. Let g be (2/t)/((-3)/(-30)). What is p(g)?
6
Let j = -144 - -144. Let b(h) = h**3 + 3. What is b(j)?
3
Let g(w) = -w + 4*w**3 + 3 + 2 - 3*w**3 - 8 + w**2. Calculate g(0).
-3
Let x(y) be the first derivative of -y**4/4 + 4*y**3/3 + 9*y**2/2 - 4*y - 8. What is x(6)?
-22
Let d(m) = 3*m**3 + 47*m**2 + 44*m + 14. Let v(h) = -h**3 - 16*h**2 - 15*h - 5. Let u(k) = 6*d(k) + 17*v(k). What is u(-9)?
-1
Suppose h - 3 = -2. Let m(p) be the second derivative of -2*p**3/3 - p**2/2 + 2*p. Calculate m(h).
-5
Let c(b) = -b**3 - 6*b**2 - 3*b - 8. Let v be c(-6). Let y(l) = 1 + l**3 - v + l**2 + l + 2. What is y(0)?
-7
Let p(w) = -2*w**2 + 2*w - 2. Let x(j) = 3*j**3 + 3*j**2 + 2*j + 1. Let y be x(-2). Let o be (-5)/10 - y/(-2). Let r be (-6)/(-15) - o/5. Give p(r).
-6
Let m(v) = -6 + v**3 + 13 - 6 - 3*v + 5*v**2. What is m(-3)?
28
Let a(s) = s**3 - 5*s**2 + 6*s - 5. Let h be a(4). Suppose r + 3*r = -3*f + 5, -h*f - 7 = -2*r. Let v(b) = b**3 - 2*b**2 + b. Give v(r).
2
Let z(g) = g**3 + g**2 - g - 1. Let t(a) = a**2 - 7*a + 7. Let r be t(5). Let f = -5 - r. Give z(f).
-3
Suppose 4*r + 28 = g + 2*g, 3*g + 3*r = 0. Let w(f) = f**3 - 3*f**2 - 4*f. Determine w(g).
0
Let b(k) = -3*k**3 - k**2 + k. Let j be b(1). Let w(n) = -n - 1. What is w(j)?
2
Let m be 2 + -1 - (-7 + 6 + -2). Suppose 38 = -w + 3*w. Suppose m*s + o - 5*o = 12, 3*o + w = 5*s. Let x(u) = u - 4. Determine x(s).
1
Let g(q) be the third derivative of q**6/60 + q**5/30 - 19*q**3/6 - 2*q**2. Let w(m) = 3*m**3 + 3*m**2 - 29. Let i(d) = 8*g(d) - 5*w(d). What is i(0)?
-7
Let y(x) = -x**2 - 2*x - 3. Let l(i) = -i**3 + i**2 - i. Let u(r) = -l(r) + y(r). Determine u(3).
3
Let q = 36 + -39. Let b(f) = f. Give b(q).
-3
Let p be (24/(-12))/((-6)/(-9)). Let u(o) = -o**2 - 2*o + 1. Calculate u(p).
-2
Let b(o) = -o**2 - 11*o - 7. Let k(f) = -3*f**2 - 32*f - 22. Let g(d) = 8*b(d) - 3*k(d). Let h be g(-7). Let i(x) = 12*x - h*x - 5 - 2*x - x**2. Give i(6).
1
Let o = 20 + -18. Let k(c) = c. Let m(n) = -n - 6. Let d(r) = o*k(r) + m(r). Determine d(4).
-2
Let c(y) = -y**2 - y + 4. Let g(z) = z**2 + 6*z + 6. Let f be g(-3). Give c(f).
-2
Let h(b) = 3*b**3 + 28*b**2 - 23*b - 31. Let y(s) = 2*s**3 + 19*s**2 - 15*s - 21. Let f(k) = 5*h(k) - 7*y(k). Give f(-8).
8
Let z(d) be the second derivative of d**4/12 + 4*d**3/3 + 5*d**2/2 - 17*d. What is z(-8)?
5
Let n(w) = w**3 + 7*w**2 - 3*w - 6. Let g(b) = b**3 + 6*b**2 - 3*b - 6. Let j(r) = -3*g(r) + 2*n(r). What is j(-5)?
16
Let b(g) be the third derivative of -1/8*g**4 + 1/2*g**3 - 1/20*g**5 + 4*g**2 + 1/120*g**6 + 0 + 0*g. Calculate b(3).
-6
Let b(u) = -4*u**2 - 5*u + 3 - u**3 - 3*u + 0*u - 4*u**2. What is b(-7)?
10
Let m(a) be the first derivative of -a**4/4 - 4*a**3/3 + 5*a**2/2 + a + 14. Give m(-5).
1
Let u(b) = 2*b**3 - 1. Let g(t) = t + 3 - 5 + 1. Let d be g(3). Suppose 4*m = -4*j, -d*j + m + 4 = -7*j. Give u(j).
-3
Suppose -2*y = -4*y + 10. Suppose -5*o - 2*n = -16, -4*o + o = y*n - 2. Let l(h) = h**2 - 6*h + 6. What is l(o)?
-2
Let j(g) 